
3
What is the hundreds digit of 369163368?
3
What is the hundred millions digit of 1011264651?
0
What is the units digit of 53887128?
8
What is the tens digit of 320746450?
5
What is the hundred millions digit of 5348863492?
3
What is the hundred thousands digit of 88754113?
7
What is the ten millions digit of 408675216?
0
What is the tens digit of 403859034?
3
What is the units digit of 374310840?
0
What is the ten millions digit of 303948483?
0
What is the hundreds digit of 2838075662?
6
What is the thousands digit of 51483776?
3
What is the thousands digit of 23521524?
1
What is the ten millions digit of 30288871?
3
What is the tens digit of 489990027?
2
What is the ten millions digit of 507285520?
0
What is the hundred thousands digit of 1549465436?
4
What is the thousands digit of 595719218?
9
What is the thousands digit of 96054396?
4
What is the hundred millions digit of 194209199?
1
What is the hundreds digit of 38967325?
3
What is the hundred thousands digit of 272238815?
2
What is the hundreds digit of 1289625505?
5
What is the hundred thousands digit of 1648996149?
9
What is the units digit of 277244170?
0
What is the thousands digit of 46805247?
5
What is the tens digit of 1588747921?
2
What is the thousands digit of 36729202?
9
What is the ten millions digit of 265616623?
6
What is the thousands digit of 877671363?
1
What is the thousands digit of 94895465?
5
What is the hundreds digit of 647188374?
3
What is the units digit of 636053399?
9
What is the hundred thousands digit of 165373668?
3
What is the billions digit of 1389310317?
1
What is the hundred millions digit of 1433064501?
4
What is the ten millions digit of 78202210?
7
What is the ten thousands digit of 766002822?
0
What is the tens digit of 353250318?
1
What is the hundreds digit of 6061956006?
0
What is the hundred thousands digit of 138804507?
8
What is the millions digit of 371587592?
1
What is the thousands digit of 7717320?
7
What is the thousands digit of 528126833?
6
What is the tens digit of 3421090442?
4
What is the hundreds digit of 832814204?
2
What is the thousands digit of 62048420?
8
What is the units digit of 2959899234?
4
What is the ten millions digit of 1111739160?
1
What is the millions digit of 39576995?
9
What is the units digit of 532292956?
6
What is the ten millions digit of 122240472?
2
What is the thousands digit of 80687681?
7
What is the thousands digit of 564729252?
9
What is the millions digit of 1086004026?
6
What is the billions digit of 1247546146?
1
What is the ten thousands digit of 364577898?
7
What is the units digit of 43312275?
5
What is the ten millions digit of 430404876?
3
What is the millions digit of 587362518?
7
What is the ten thousands digit of 87007436?
0
What is the units digit of 727916824?
4
What is the hundreds digit of 1389255843?
8
What is the thousands digit of 1870623138?
3
What is the units digit of 927537071?
1
What is the ten thousands digit of 17387573?
8
What is the hundred thousands digit of 39133675?
1
What is the tens digit of 713711427?
2
What is the units digit of 32129170?
0
What is the hundred millions digit of 627064377?
6
What is the units digit of 542882275?
5
What is the tens digit of 37658704?
0
What is the thousands digit of 36618915?
8
What is the hundred millions digit of 3046491770?
0
What is the ten thousands digit of 2616798082?
9
What is the hundred thousands digit of 21321058?
3
What is the units digit of 17513743?
3
What is the ten thousands digit of 265583987?
8
What is the thousands digit of 4739583653?
3
What is the millions digit of 18734220?
8
What is the hundreds digit of 32297057?
0
What is the millions digit of 684424272?
4
What is the hundred thousands digit of 2221074122?
0
What is the hundreds digit of 190219083?
0
What is the thousands digit of 10670692?
0
What is the tens digit of 2105514193?
9
What is the hundreds digit of 1339105596?
5
What is the millions digit of 193305615?
3
What is the ten thousands digit of 126207482?
0
What is the tens digit of 53227847?
4
What is the tens digit of 351841813?
1
What is the hundred millions digit of 353822688?
3
What is the hundred thousands digit of 192043185?
0
What is the ten millions digit of 113794998?
1
What is the hundreds digit of 1034853790?
7
What is the ten thousands digit of 286139608?
3
What is the hundred thousands digit of 249405959?
4
What is the units digit of 1058387296?
6
What is the tens digit of 47583299?
9
What is the ten millions digit of 71037321?
7
What is the hundreds digit of 532965812?
8
What is the ten thousands digit of 156447767?
4
What is the thousands digit of 62510999?
0
What is the hundred thousands digit of 45919092?
9
What is the ten millions digit of 5059662415?
5
What is the ten thousands digit of 156841122?
4
What is the millions digit of 1444032799?
4
What is the millions digit of 21965132?
1
What is the billions digit of 1009167966?
1
What is the hundred millions digit of 1433496593?
4
What is the units digit of 654510215?
5
What is the ten millions digit of 111733232?
1
What is the units digit of 581973290?
0
What is the millions digit of 155398659?
5
What is the tens digit of 112245516?
1
What is the tens digit of 864953456?
5
What is the hundreds digit of 561478696?
6
What is the hundreds digit of 427560661?
6
What is the units digit of 982557534?
4
What is the tens digit of 95661667?
6
What is the hundreds digit of 1016127101?
1
What is the tens digit of 111500458?
5
What is the hundreds digit of 28832183?
1
What is the ten thousands digit of 469224649?
2
What is the ten millions digit of 130103941?
3
What is the ten thousands digit of 732960034?
6
What is the units digit of 4771277427?
7
What is the ten millions digit of 219338220?
1
What is the millions digit of 1426023358?
6
What is the tens digit of 1118432817?
1
What is the units digit of 1072039642?
2
What is the units digit of 43799132?
2
What is the units digit of 1002919822?
2
What is the hundreds digit of 485951743?
7
What is the hundred thousands digit of 336552570?
5
What is the millions digit of 339616960?
9
What is the units digit of 2644964381?
1
What is the hundreds digit of 1164944?
9
What is the tens digit of 1643105172?
7
What is the tens digit of 169474967?
6
What is the units digit of 6036409979?
9
What is the hundred thousands digit of 5423741?
4
What is the tens digit of 353126455?
5
What is the tens digit of 2759451159?
5
What is the thousands digit of 64615437?
5
What is the ten thousands digit of 175913352?
1
What is the tens digit of 132726638?
3
What is the tens digit of 350732341?
4
What is the millions digit of 39195115?
9
What is the thousands digit of 1661350717?
0
What is the thousands digit of 323854794?
4
What is the hundreds digit of 1254373232?
2
What is the ten millions digit of 55627769?
5
What is the hundred thousands digit of 287832064?
8
What is the ten millions digit of 75987899?
7
What is the thousands digit of 70559937?
9
What is the thousands digit of 117648847?
8
What is the millions digit of 5232205?
5
What is the thousands digit of 22822114?
2
What is the units digit of 12932059?
9
What is the units digit of 634604358?
8
What is the billions digit of 4119839317?
4
What is the millions digit of 345375660?
5
What is the tens digit of 926253162?
6
What is the thousands digit of 161041024?
1
What is the hundreds digit of 76481038?
0
What is the ten thousands digit of 21584935?
8
What is the hundred millions digit of 4943628141?
9
What is the hundreds digit of 12579387?
3
What is the millions digit of 64439117?
4
What is the ten millions digit of 42543009?
4
What is the hundreds digit of 3486441?
4
What is the thousands digit of 7063585201?
5
What is the ten thousands digit of 35993413?
9
What is the units digit of 30098127?
7
What is the ten millions digit of 44803657?
4
What is the thousands digit of 98554589?
4
What is the hundred millions digit of 508591579?
5
What is the hundred thousands digit of 776227648?
2
What is the ten millions digit of 837020223?
3
What is the hundred thousands digit of 1646700?
6
What is the thousands digit of 50643113?
3
What is the units digit of 1029093136?
6
What is the units digit of 1711510719?
9
What is the units digit of 2359089783?
3
What is the hundr